e factors of (k + -32)*(-8)/6.
2, 5
Suppose k = -3*r + 2, -3*k + 0*k + r + 6 = 0. Let q(z) = -10 + 13*z + 28 + z**2 + 0*z**k. What are the prime factors of q(-12)?
2, 3
Let m = 19 - 17. Suppose -5*t = f - 41, t = m*t + 2*f - 10. List the prime factors of t.
2
Let j(q) = 5*q**2 - 5*q + 6. Let d be j(2). Let k = 13 + d. What are the prime factors of k?
29
Suppose -879 = -7*a - 67. Suppose -118*k + a*k = -354. List the prime factors of k.
3, 59
Let v be ((-5)/(10/12))/(-2). Suppose 0 = -4*q + 3*h + h + 40, -4*h - 4 = -q. Suppose t - q = -v*t. List the prime factors of t.
3
Suppose -h + 2*c = 5*c - 1250, 16 = 4*c. What are the prime factors of h?
2, 619
Suppose 0 = 311*j - 305*j - 6120. List the prime factors of j.
2, 3, 5, 17
What are the prime factors of 21/49*-2*-1932?
2, 3, 23
Suppose p = -171*k + 172*k + 194, 0 = -2*k + 4. What are the prime factors of p?
2, 7
Let b(m) = 13*m + 31. Let d(s) = -26*s - 62. Let v(x) = -13*b(x) - 6*d(x). Let g(j) = 7*j + 15. Let u(f) = -11*g(f) - 6*v(f). List the prime factors of u(-16).
5
Let r be (4/(-1) + 5)*-2. List the prime factors of -5*19*2/r.
5, 19
Suppose 2*r + 67 - 13 = 0. List the prime factors of (-1278)/r - (-8)/(-6).
2, 23
Let d(h) be the second derivative of -h**3/6 - 13*h. Let x be d(-2). Suppose 5*o - 2*j + 193 - 560 = 0, 3*o - 233 = -x*j. List the prime factors of o.
3, 5
Let j be 6*(2 - (-20)/4). Suppose -276 = -2*x - w, -5*w + j = 2*x - 250. What are the prime factors of x?
2, 17
Suppose -14*p = -11*p - 1983. What are the prime factors of p?
661
Let a(b) = -452*b**3 + 2*b**2 + 2*b + 1. What are the prime factors of a(-1)?
3, 151
Let o be (-1 - 2) + 69 + 6. Let m be (1/(-3))/((-3)/o). Let c = 3 + m. What are the prime factors of c?
11
Let h be ((-5)/4)/((-1)/92). Suppose 0 = -4*u - 12, 4*k - 2*u - h = 115. Let l = -33 + k. What are the prime factors of l?
23
Let g = 442 - 298. Suppose -5*d - g = -4*l, 0 = d - 6*d. What are the prime factors of l?
2, 3
Suppose 8*v - 12 = 4*v, 5*t + 2*v - 286 = 0. List the prime factors of t.
2, 7
Suppose f - 7 = n, 6*n - n = 4*f - 31. Let m = f - 4. Suppose 2*z - 8 = m, 5*i - z = 63 + 73. What are the prime factors of i?
2, 7
Let v = -32 - -37. List the prime factors of -1 - (15/v - 43).
3, 13
Let s(u) = -5*u - 9 - u**2 + 6*u + 2*u + 4*u. Let w be s(4). List the prime factors of 51/(w - 9/6).
2, 17
Suppose 3*r = -4*p + 3731, 7*r - 2*r + 2820 = 3*p. What are the prime factors of p?
5, 11, 17
Suppose 0 = -x - 29 - 68. What are the prime factors of -8 - (-12)/3 - x?
3, 31
Let j = -79 - -189. List the prime factors of j.
2, 5, 11
Let k(c) = -c**3 - 15*c**2 + 5*c**3 + c - 3*c**3 - 1. What are the prime factors of k(15)?
2, 7
Let w = -139 - -1015. Suppose 13*s - 164 = w. What are the prime factors of s?
2, 5
Let y be ((-16)/(-10))/((-16)/(-40)). Suppose 4*o = 3*u - 21, 0*u + y*o = -u - 9. What are the prime factors of 15 - (-3)/(u/(-2))?
13
Let h = -59 + 63. Suppose -3*i = i + h*x - 648, 0 = 2*x - 6. List the prime factors of i.
3, 53
List the prime factors of 169/(130/(-10)) - -447.
2, 7, 31
Let m(v) be the second derivative of 5*v**4/2 - 5*v**3/6 + 3*v**2/2 - 8*v. List the prime factors of m(2).
113
Let b(x) = 10*x**3 + 2*x**2 - x. Suppose 0 = -2*w + 5*u - 3, 3*u - 3 = -3*w + 3. Let t be b(w). Let q(k) = 2*k. What are the prime factors of q(t)?
2, 11
Suppose 29 - 214 = -5*h - 5*i, 5*h - 190 = -4*i. Let w(f) = -2*f**2 + 9*f - 2. Let q be w(6). Let z = q + h. List the prime factors of z.
2, 11
Suppose b + 5 = -5*d + 4*d, 2*b + 30 = 3*d. Let j be -11 + 7/(21/b). Let c = j + 74. List the prime factors of c.
2, 3, 5
Let t be 298/(-4)*2 + -2. Suppose u - 3*l = -111, 5*u + 3*l - l + 470 = 0. Let i = u - t. What are the prime factors of i?
5, 11
Let s(m) = -3*m + 2. Suppose -v = -5*l + 30 + 25, -l = 2*v. Let h be s(l). List the prime factors of h/(-12)*21 + -3.
2, 23
Suppose 0 = b - 3*z - 4, -4*b - 3*z - 6 = -4*z. Let j be ((-1 - 3) + 4)/b. Suppose -a = 4*t - 42, -2*a + 56 = -j*a + t. List the prime factors of a.
2, 13
Let t be 6330/120 - 6/8. Suppose 0*i - t = -i - w, -i + 51 = 2*w. List the prime factors of i.
53
Suppose -3*r + 1563 = 5*l, -2*r + 0*r + 937 = 3*l. What are the prime factors of l?
3, 5, 7
Suppose 4 + 21 = 5*c, -2*a = -2*c - 1312. List the prime factors of a.
661
Suppose 3*n + 657 - 2476 = -5*p, 1445 = 4*p - n. List the prime factors of p.
2, 181
Suppose 0 = -22*g + 5209 + 24293. List the prime factors of g.
3, 149
Let h = 46 + -32. Let w be (1 + -1)/(-16 + h). What are the prime factors of (w + 1 - 2)*-7?
7
Suppose 2*m = 4*f + m - 946, f + 5*m = 226. What are the prime factors of f?
2, 59
Let w(z) = 15*z**2 + 4*z. Let j be w(1). Let p(q) = -q**2 + 22*q + 53. List the prime factors of p(j).
2, 5, 11
List the prime factors of 4/22 - (-179816)/308.
2, 73
Let i(o) = o**3 + 3*o**2 - 3*o + 4. Let h be i(-4). Suppose 3*n - n + 6 = h. What are the prime factors of 22/3 - 2/n?
2
Suppose 4300 = 622*d - 617*d. List the prime factors of d.
2, 5, 43
Suppose -6*q = -5*l - 2*q - 26, -4*l - 4*q - 28 = 0. Let c = 27 - l. List the prime factors of c.
3, 11
List the prime factors of -3*(47/(-3) + (-2)/(-6)).
2, 23
Suppose 0 = -4*o + 2*m + m + 3093, 2*m = o - 772. What are the prime factors of o?
2, 3, 43
Suppose 5*c - 3*p = 1408, c + p - 292 = -p. Suppose -c = -2*f + 3*l, 4*f - l - 568 = 4*l. What are the prime factors of f?
2, 71
List the prime factors of 13/((-1274)/42) - 1445/(-7).
2, 103
Let b = 21 + -3. Let t = -46 + b. List the prime factors of t/154 + 277/11.
5
Let v = -83 - -81. List the prime factors of (v/4)/(-1)*268.
2, 67
Suppose -r - 3*p = -1584, 16*p - 15*p = -5*r + 7962. What are the prime factors of r?
3, 59
Suppose -n = n + 3*x - 69, -n = -5*x - 2. Let o = n - 50. Let d = o - -37. What are the prime factors of d?
2, 7
What are the prime factors of (-15392)/(-104)*202/8?
37, 101
Let p(c) be the second derivative of -3/2*c**2 + 2*c - 1/3*c**4 + c**3 + 0 + 1/20*c**5. What are the prime factors of p(4)?
3, 7
Let d(l) = 266*l**2 - 5*l - 1. List the prime factors of d(-2).
29, 37
Let v(p) = 7*p**2 - 4*p + 5. Let b(i) = 6*i**2 - 5*i + 4. Let o(z) = -6*b(z) + 5*v(z). Let s be o(11). Let w = 16 + s. What are the prime factors of w?
2, 3
Let h = -619 + 187. Let r = h - -657. List the prime factors of r.
3, 5
Let y(h) be the third derivative of 25*h**4/24 + 2*h**3/3 - 9*h**2. What are the prime factors of y(4)?
2, 13
Suppose 40*g = 25*g + 27225. What are the prime factors of g?
3, 5, 11
Suppose 2*c - 781 = j, 0*c = -2*c - 4*j + 806. What are the prime factors of c?
3, 131
Let a = -505 - -509. List the prime factors of a.
2
Let o = -1012 + 1896. What are the prime factors of o?
2, 13, 17
Let o = 16 + 342. What are the prime factors of o?
2, 179
Suppose 5*v - 359 = 1766. Let x = -187 + v. What are the prime factors of x?
2, 7, 17
Let h be 12/4*-18*(-400)/(-12). What are the prime factors of (h/54)/(1/(-3))?
2, 5
Let b(u) = -2*u**3 + u**2 + 17*u + 38. List the prime factors of b(-5).
2, 3, 19
Suppose 0 = 5*r - r, w - 15 = -r. Let b be 4/((-5)/(w/(-2))). Suppose -b*o + 5*o = -6. What are the prime factors of o?
2, 3
Let q be (1 - (0 - 181))*1. Suppose q = 3*w + 5*y, -2*w = -4*w + y + 143. List the prime factors of w.
3, 23
Let m be 0/(-2 + 4 + -3). Suppose -x - 5*c + 39 + 12 = m, -2*x - 3*c = -95. What are the prime factors of x?
2, 23
Let h(z) = -z**2 + 18*z + 31. Let k be h(19). Let c(o) = o**3 - 12*o**2 + 16*o - 2. What are the prime factors of c(k)?
2, 5, 19
Suppose 166 = s - 2*p - p, 474 = 3*s - 3*p. Suppose 4*l = -l - 4*c + s, 0 = 4*c - 4. List the prime factors of l.
2, 3, 5
Let t = 5218 + -2336. List the prime factors of t.
2, 11, 131
Suppose -1 = -4*u - 65. Let h = 52 + u. List the prime factors of h.
2, 3
Let h = 13 + -7. Suppose h*k - k = 20. Suppose 2*a + 165 = 7*a - 5*t, 2*t = k*a - 130. What are the prime factors of a?
2
Let u be -5 + 9 - 6/1. Let h = 29 + u. What are the prime factors of h?
3
Let y be (-10)/(-6)*(259 - 13). Suppose -y = -3*n + n. Suppose -4*i = -9*i + n. What are the prime factors of i?
41
Suppose 9824 = 78*r - 62*r. List the prime factors of r.
2, 307
Let o(x) = 2*x - 24. Let f be o(13). Suppose 3*c - 332 = -f*s, -5*s + 0*c + 837 = 4*c. What are the prime factors of s?
13
Let b = 1680 - 236. What are the prime factors of b?
2, 19
Suppo